se 10, what is 293 - 5?
288
In base 8, what is 0 - -54?
54
In base 2, what is -10111001 + -1?
-10111010
In base 3, what is -12 - -21111?
21022
In base 11, what is 58 + 4?
61
In base 11, what is 171 - -4?
175
In base 8, what is -1733 - 4?
-1737
In base 14, what is 0 + -c?
-c
In base 3, what is -110021 + -2?
-110100
In base 10, what is -7 - -326?
319
In base 7, what is 63 + -50?
13
In base 16, what is -3a1 + 5?
-39c
In base 3, what is 11 + 12222?
20010
In base 8, what is -1 - -266?
265
In base 10, what is -1 - 108?
-109
In base 15, what is -3 - -a5?
a2
In base 2, what is -10 - -1001110?
1001100
In base 6, what is -2042 - 43?
-2125
In base 4, what is 11 + 130300?
130311
In base 8, what is 15 - 1361?
-1344
In base 11, what is 2 - 116?
-114
In base 14, what is 2b + -31c?
-2d1
In base 8, what is -2267 - -3?
-2264
In base 11, what is 4a + 7?
56
In base 7, what is 1 - 3?
-2
In base 5, what is -144 + -2?
-201
In base 13, what is -11 + 6?
-8
In base 9, what is 3 + -11825?
-11822
In base 15, what is -190 - 4?
-194
In base 15, what is 2b4e + 2?
2b51
In base 9, what is -132 - 3?
-135
In base 5, what is -10002 + 10?
-4442
In base 4, what is 2 - 30101?
-30033
In base 6, what is 354 + -20?
334
In base 13, what is 7 + 247?
251
In base 13, what is 21 + -163?
-142
In base 4, what is -11223 + 1?
-11222
In base 2, what is 1000 + -110101?
-101101
In base 8, what is 16536 - 5?
16531
In base 13, what is -28 - -1?
-27
In base 9, what is 10 + 15?
25
In base 5, what is -13 - -30020?
30002
In base 4, what is 1 + -310?
-303
In base 7, what is -20 - -12?
-5
In base 12, what is 4 + -36a?
-366
In base 13, what is -b + -3?
-11
In base 13, what is -44b + 2?
-449
In base 11, what is -2 - -59?
57
In base 9, what is -276 + -6?
-283
In base 5, what is -2 + -2202?
-2204
In base 13, what is -c6a - 0?
-c6a
In base 15, what is 2379 + -5?
2374
In base 4, what is -1301 + -13?
-1320
In base 6, what is 11 - -1323?
1334
In base 4, what is -22 - -30?
2
In base 7, what is 13 - -365?
411
In base 10, what is -7 + -20?
-27
In base 15, what is -2 - 18?
-1a
In base 6, what is -2414 - -2?
-2412
In base 12, what is 14 - 5?
b
In base 2, what is -1000101111 + 1?
-1000101110
In base 14, what is 0 - -11?
11
In base 3, what is -22200 - -1?
-22122
In base 14, what is 1a + a8?
c4
In base 7, what is -3 + 36?
33
In base 12, what is 2 + 43?
45
In base 13, what is -1 - -45?
44
In base 15, what is 2 - -9a?
9c
In base 12, what is -15 + 13?
-2
In base 8, what is -4 - -127?
123
In base 13, what is -1 + -42?
-43
In base 5, what is -1 + -31?
-32
In base 4, what is 123300 - 0?
123300
In base 7, what is 3 + -15461?
-15455
In base 13, what is -22a + 1a?
-210
In base 16, what is -1 - -4e?
4d
In base 7, what is -4 - -5?
1
In base 2, what is 110 + 1110100?
1111010
In base 4, what is -2 + -3001?
-3003
In base 5, what is 102 - -1104?
1211
In base 6, what is -1205 - 5?
-1214
In base 2, what is -11001001 - 100101?
-11101110
In base 9, what is 3 + 0?
3
In base 2, what is -11 + 10100?
10001
In base 2, what is -10111001 - 101101?
-11100110
In base 16, what is -4 + 20?
1c
In base 16, what is -1 - 11f?
-120
In base 10, what is -109 + 12?
-97
In base 7, what is -10132 + 0?
-10132
In base 3, what is -12221 - -11?
-12210
In base 2, what is 110010000 - 1110?
110000010
In base 7, what is -1 + 13634?
13633
In base 2, what is 101 - 11100?
-10111
In base 4, what is 322200 - -20?
322220
In base 6, what is -540 + -4?
-544
In base 3, what is 101021012 - -12?
101021101
In base 12, what is 3 + 3?
6
In base 16, what is 2e8 - 3?
2e5
In base 4, what is 0 - -3?
3
In base 15, what is 5b + -35?
26
In base 2, what is 100 + -1011001?
-1010101
In base 12, what is -4b - -b?
-40
In base 7, what is -1554 - 3?
-1560
In base 3, what is 112 - 220?
-101
In base 16, what is -6 + -11?
-17
In base 3, what is -22 - 21212?
-22011
In base 7, what is 5 + 562?
600
In base 4, what is 100 + -30021?
-23321
In base 12, what is -12 - 52?
-64
In base 6, what is -304 + -2?
-310
In base 8, what is 3 - 14?
-11
In base 12, what is 1 - -33?
34
In base 12, what is 5 - -115?
11a
In base 13, what is -34c - 3?
-352
In base 2, what is -1001001000 + -10?
-1001001010
In base 12, what is -12 + 160?
14a
In base 8, what is 2 - -40?
42
In base 12, what is 330 - 4?
328
In base 8, what is 3 - 664?
-661
In base 5, what is -21 - -13?
-3
In base 8, what is 13155 + -5?
13150
In base 3, what is 20001111 - -1?
20001112
In base 7, what is 5 - -156?
164
In base 7, what is -4 - -16?
12
In base 12, what is 17 + 2?
19
In base 4, what is -12202 - -3?
-12133
In base 14, what is 7 + -3ab?
-3a4
In base 15, what is -1 + 62?
61
In base 3, what is -20202 + -12?
-20221
In base 8, what is 42 - -6?
50
In base 14, what is -1 - -4b6?
4b5
In base 3, what is -2 + -2201?
-2210
In base 11, what is 650 + -1?
64a
In base 2, what is 10 - -10000100010?
10000100100
In base 15, what is -5 - 2c4?
-2c9
In base 6, what is 154 - 15?
135
In base 2, what is 100 - 1001000?
-1000100
In base 2, what is -11001011 + 111?
-11000100
In base 5, what is -10 + 4?
-1
In base 2, what is -101 - -1111101?
1111000
In base 11, what is 2 + 2a?
31
In base 9, what is -28726 + -3?
-28730
In base 14, what is -3 + 331?
32c
In base 3, what is -122 - -110?
-12
In base 10, what is 2226 - 4?
2222
In base 3, what is -101110 + 1?
-101102
In base 14, what is 4 + -461?
-45b
In base 9, what is 125 - 4?
121
In base 14, what is -21 - -19a?
179
In base 12, what is -5 - -878?
873
In base 11, what is 1 + -22?
-21
In base 6, what is 1 - 1114?
-1113
In base 2, what is 0 - 111000101?
-111000101
In base 16, what is 4 - 20b?
-207
In base 15, what is -3 + 528?
525
In base 16, what is -2 + 2f?
2d
In base 9, what is 1032 - 4?
1027
In base 2, what is -11 - 110101?
-111000
In base 3, what is -1122 + -11001?
-12200
In base 9, what is -17 - 24?
-42
In base 15, what is 0 + 11a?
11a
In base 5, what is -4 + -424?
-433
In base 2, what is 111001 + 10001?
1001010
In base 8, what is 107 + 14?
123
In base 16, what is 1 + -a?
-9
In base 12, what is -6 + 217?
211
In base 10, what is -12 - -1138?
1126
In base 16, what is 11f + -4?
11b
In base 6, what is -21 - 2?
-23
In base 2, what is 1011011100011 + -11?
1011011100000
In base 12, what is -71 + 19?
-54
In base 12, what is 2 + -64?
-62
In base 11, what is -3 - -157?
154
In base 12, what is 5 + -33?
-2a
In base 4, what is 13031 - 10?
13021
In base 3, what is -1100 + -1?
-1101
In base 6, what is -200 + -5?
-205
In base 11, what is 90 + -31?
5a
In base 6, what is -21410 - 1?
-21411
In base 3, what is -2020 + -200?
-2220
In base 2, what is 11 + -1011?
-1000
In base 10, what is -9 - -78?
69
In base 12, what is -b + -20?
-2b
In base 4, what is -2 + 3?
1
In base 12, what is 13 - 99?
-86
In base 4, what is 2010 + -11?
1333
In base 15, what is -58 + -3?
-5b
In base 10, what is 2 - -77?
79
In base 6, what is -4044 - 0?
-4044
In base 9, what is 18 - -13?
32
In base 7, what is -2 + 143?
141
In base 11, what is -4 + 92a?
926
In base 2, what is 110 - 100000?
-11010
In base 7, what is -100 + 14?
-53
In base 12, what is 1 - 3b2?
-3b1
In base 8, what is 243 + -2?
241
In base 13, what is 5 - -21?
26
In base 15, what is -9 - 7?
-11
In base 12, what is 184 - -4?
188
In base 5, what is 12 + -102310?
-102243
In base 8, what is -3 - -5?
2
In base 2, what is 110 + 10110111111?
10111000101
In base 8, what is 54 - 12?
42
In base 9, what is 0 - -774?
774
In base 5, what is 2 - 1002?
-1000
In base 5, what is 3 + -42?
-34
In base 15, what is -1 - -d?
c
In base 3, what is -21 + -1011?
-1102
In base 10, what is -6 - 46?
-52
In base 15, what is 79 + 2?
7b
In base 12, what is 10 - -97?
a7
In base 8, what is -113 + -341?
-454
In base 15, what is -5 + -63?
-68
In base 3, what is -10 + -10002?
-10012
In base 4, what is -10112 - -1?
-10111
In base 3, what is 110002101 + 0?
110002101
In base 14, what is -1 + -1220?
-1221
In base 8, what is -10501 - 2?
-10503
In base 4, what is 13121 + 0?
13121
In base 8, what is 126 - -3?
131
In base 2, what is -1100 - -100?
-1000
In base 14, what is -d36 + 0?
-d36
In base 7, what is -5 - -3144?
3136
In base 8, what is 11 + -344?
-333
In base 2, what is 1 - -100111100?
100111101
In base 15, what is -2 - -ca?
c8
In base 8, what is 10 - 1262?
-1252
In base 13, what is -2 - -5c?
5a
In base 4, what is 223 - 10?
213
In base 16, what is 35e 